divisor of 30 and 41183110?
10
What is the highest common divisor of 15835700 and 100?
100
Calculate the highest common factor of 661523 and 1855652.
941
What is the greatest common factor of 9487 and 24062?
53
What is the greatest common divisor of 2612 and 1358505118?
1306
What is the highest common factor of 141568 and 161504?
224
What is the highest common factor of 14 and 6278797?
7
Calculate the greatest common factor of 218735 and 2695.
55
What is the greatest common factor of 561623 and 592?
37
What is the greatest common factor of 4967589 and 33?
33
What is the highest common factor of 754320526 and 2778?
926
What is the greatest common divisor of 48314293 and 298?
149
What is the highest common factor of 4138857 and 88384?
1381
What is the highest common factor of 91935 and 996530?
1135
Calculate the highest common divisor of 8490 and 5310.
30
Calculate the greatest common factor of 3176873 and 1.
1
Calculate the greatest common divisor of 42780 and 21317460.
1860
What is the greatest common divisor of 1454 and 981564866?
1454
Calculate the greatest common factor of 8107068 and 15756.
1212
Calculate the highest common divisor of 2454977 and 112.
7
Calculate the highest common factor of 479997 and 100149.
399
What is the greatest common factor of 24121608 and 406?
14
What is the greatest common factor of 4045112 and 8248?
8
What is the highest common factor of 432 and 2632824?
216
Calculate the greatest common divisor of 284634 and 15092630.
3514
What is the greatest common factor of 69 and 2879117?
23
Calculate the greatest common factor of 707 and 2320423.
7
Calculate the highest common factor of 41322 and 993858.
426
Calculate the highest common factor of 1595676 and 147084.
1236
Calculate the greatest common factor of 240999 and 2937.
33
Calculate the highest common divisor of 817274176 and 5216.
5216
Calculate the greatest common divisor of 59045687 and 3372.
281
Calculate the highest common divisor of 96682 and 502.
2
Calculate the greatest common factor of 2930 and 130999714.
586
Calculate the highest common factor of 213571599 and 12.
3
What is the greatest common factor of 273 and 2786122521?
273
Calculate the greatest common divisor of 256181737 and 25172.
6293
Calculate the highest common factor of 658302 and 78.
6
What is the greatest common divisor of 980 and 13001460?
20
What is the greatest common factor of 92688 and 25936?
16
What is the greatest common divisor of 4743 and 5119822?
17
What is the greatest common divisor of 20 and 56454215?
5
What is the greatest common divisor of 33 and 58558467?
33
What is the highest common factor of 159576 and 1747833?
183
What is the highest common divisor of 7292 and 149892529?
1823
Calculate the highest common divisor of 330 and 10212477.
33
What is the greatest common divisor of 806 and 45276647?
403
What is the greatest common divisor of 6338067 and 60609?
681
Calculate the greatest common factor of 110936 and 3048.
8
Calculate the greatest common divisor of 18416 and 7740475.
1151
What is the greatest common factor of 1715360 and 376745?
755
What is the highest common divisor of 708 and 224628?
12
Calculate the highest common divisor of 3937 and 443103.
127
What is the highest common factor of 4850012 and 64?
4
What is the greatest common divisor of 13642 and 41914?
38
Calculate the greatest common factor of 72632 and 34972.
28
What is the greatest common factor of 5337 and 89?
1
Calculate the highest common factor of 3882 and 173973.
3
Calculate the greatest common divisor of 21831 and 212735818.
7277
What is the highest common factor of 5650460 and 610?
10
Calculate the highest common factor of 5989 and 338935.
53
Calculate the greatest common factor of 5557230 and 27090.
630
Calculate the greatest common factor of 21056 and 998697.
7
Calculate the greatest common divisor of 1025 and 343295.
5
What is the greatest common divisor of 238380 and 2482980?
1740
Calculate the greatest common factor of 2605656 and 1112568.
3624
What is the highest common divisor of 6149 and 1652963?
559
Calculate the greatest common divisor of 34125 and 2952075.
525
What is the highest common divisor of 18090 and 798774?
402
What is the highest common factor of 10278 and 13716?
18
What is the greatest common divisor of 65182318 and 68?
34
Calculate the highest common divisor of 18976 and 41248.
32
What is the highest common factor of 87070 and 310?
10
What is the greatest common divisor of 73629 and 150417?
243
What is the greatest common divisor of 465 and 8305923?
93
Calculate the greatest common divisor of 639236 and 2242.
38
Calculate the greatest common divisor of 57 and 27766188.
3
Calculate the highest common factor of 968 and 471080104.
968
What is the greatest common divisor of 111517850 and 1550?
1550
Calculate the greatest common factor of 1790022 and 117.
39
What is the highest common divisor of 11228 and 2605540?
28
What is the highest common factor of 243032 and 1496?
136
What is the greatest common divisor of 12621 and 627007073?
4207
Calculate the highest common divisor of 42512208 and 1118.
86
Calculate the highest common divisor of 618 and 1523164.
206
Calculate the highest common divisor of 90323888 and 16.
16
Calculate the greatest common factor of 737051 and 54173.
497
Calculate the highest common factor of 558 and 3434931.
9
Calculate the highest common divisor of 666 and 134643.
111
Calculate the greatest common divisor of 7737036 and 12.
12
What is the highest common factor of 15402139 and 4058?
2029
What is the highest common divisor of 3913 and 66884909?
3913
What is the highest common factor of 87827 and 11669858?
1237
Calculate the highest common divisor of 1236 and 15269853.
309
What is the highest common divisor of 152 and 403205536?
152
What is the greatest common divisor of 113664732 and 12?
12
Calculate the highest common factor of 20700 and 10100565.
1035
What is the greatest common factor of 315 and 10424680?
35
Calculate the greatest common divisor of 7398 and 85760082.
2466
Calculate the greatest common divisor of 9475270 and 802454.
1214
What is the greatest common divisor of 144 and 1498104?
72
What is the highest common factor of 410 and 18714286?
82
What is the highest common divisor of 20882129 and 7846?
3923
Calculate the highest common factor of 42 and 40728604.
14
What is the highest common divisor of 488 and 13418231?
61
What is the greatest common factor of 245 and 105315602?
49
Calculate the greatest common divisor of 171 and 71548509.
57
What is the greatest common divisor of 2310 and 40898935?
385
Calculate the greatest common divisor of 3390211 and 1507.
11
What is the greatest common divisor of 50 and 238858?
2
What is the highest common factor of 55 and 622028?
11
Calculate the greatest common factor of 244099862 and 5690.
1138
What is the greatest common divisor of 23435685 and 10620?
2655
What is the highest common divisor of 8558 and 308528?
22
What is the greatest common factor of 23 and 92065711?
23
Calculate the highest common factor of 164112 and 809328.
624
Calculate the highest common factor of 165 and 106846905.
165
Calculate the greatest common factor of 17797 and 57966198.
1369
Calculate the greatest common factor of 1033035 and 75030.
915
What is the greatest common factor of 642 and 431196?
6
Calculate the highest common divisor of 26337114 and 102.
102
Calculate the greatest common factor of 16716 and 67116.
84
Calculate the highest common factor of 1248 and 25166752.
416
Calculate the highest common divisor of 117 and 1969188.
39
What is the greatest common factor of 3816521 and 14941?
67
What is the highest common divisor of 104 and 439299146?
26
Calculate the greatest common factor of 15950302 and 11623.
197
Calculate the greatest common divisor of 9543488 and 192.
64
What is the greatest common factor of 135312 and 69936?
48
What is the greatest common divisor of 101700627 and 21?
21
What is the highest common factor of 5133493 and 725?
29
What is the greatest common factor of 654 and 5556057?
327
What is the greatest common divisor of 417408 and 8641650?
6522
Calculate the highest common divisor of 86335 and 557380.
155
Calculate the highest common factor of 4499 and 576.
1
Calculate the greatest common divisor of 90 and 